{"id":47,"date":"2020-02-03T14:24:15","date_gmt":"2020-02-03T14:24:15","guid":{"rendered":"http:\/\/www.lito-botnia.fi\/?page_id=47"},"modified":"2020-02-05T23:08:37","modified_gmt":"2020-02-05T23:08:37","slug":"painotuotteet","status":"publish","type":"page","link":"http:\/\/www.lito-botnia.fi\/?page_id=47","title":{"rendered":"Painotuotteet"},"content":{"rendered":"\t\t<div data-elementor-type=\"wp-page\" data-elementor-id=\"47\" class=\"elementor elementor-47\">\n\t\t\t\t\t\t<div class=\"elementor-inner\">\n\t\t\t\t<div class=\"elementor-section-wrap\">\n\t\t\t\t\t\t\t\t\t<section class=\"elementor-section elementor-top-section elementor-element elementor-element-b544f50 elementor-section-boxed elementor-section-height-default elementor-section-height-default\" data-id=\"b544f50\" data-element_type=\"section\">\n\t\t\t\t\t\t<div class=\"elementor-container elementor-column-gap-default\">\n\t\t\t\t\t\t\t<div class=\"elementor-row\">\n\t\t\t\t\t<div class=\"elementor-column elementor-col-100 elementor-top-column elementor-element elementor-element-6d83442\" data-id=\"6d83442\" data-element_type=\"column\">\n\t\t\t<div class=\"elementor-column-wrap elementor-element-populated\">\n\t\t\t\t\t\t\t<div class=\"elementor-widget-wrap\">\n\t\t\t\t\t\t<div class=\"elementor-element elementor-element-a8759ce elementor-widget elementor-widget-heading\" data-id=\"a8759ce\" data-element_type=\"widget\" data-widget_type=\"heading.default\">\n\t\t\t\t<div class=\"elementor-widget-container\">\n\t\t\t<h2 class=\"elementor-heading-title elementor-size-default\">Painotuotteet<\/h2>\t\t<\/div>\n\t\t\t\t<\/div>\n\t\t\t\t\t\t<\/div>\n\t\t\t\t\t<\/div>\n\t\t<\/div>\n\t\t\t\t\t\t\t\t<\/div>\n\t\t\t\t\t<\/div>\n\t\t<\/section>\n\t\t\t\t<section class=\"elementor-section elementor-top-section elementor-element elementor-element-a1afa6c elementor-section-boxed elementor-section-height-default elementor-section-height-default\" data-id=\"a1afa6c\" data-element_type=\"section\">\n\t\t\t\t\t\t<div class=\"elementor-container elementor-column-gap-default\">\n\t\t\t\t\t\t\t<div class=\"elementor-row\">\n\t\t\t\t\t<div class=\"elementor-column elementor-col-100 elementor-top-column elementor-element elementor-element-31aaec7\" data-id=\"31aaec7\" data-element_type=\"column\">\n\t\t\t<div class=\"elementor-column-wrap elementor-element-populated\">\n\t\t\t\t\t\t\t<div class=\"elementor-widget-wrap\">\n\t\t\t\t\t\t<div class=\"elementor-element elementor-element-fd93fcd elementor-widget elementor-widget-text-editor\" data-id=\"fd93fcd\" data-element_type=\"widget\" data-widget_type=\"text-editor.default\">\n\t\t\t\t<div class=\"elementor-widget-container\">\n\t\t\t\t\t\t\t\t<div class=\"elementor-text-editor elementor-clearfix\">\n\t\t\t\t<p>Tarjoamme asiakkaille laadukkaat painotuotteet nopeasti ja vaivattomasti koko Suomeen. Ota yhteytt\u00e4, niin kerromme mielell\u00e4mme lis\u00e4\u00e4.<\/p>\t\t\t\t\t<\/div>\n\t\t\t\t\t\t<\/div>\n\t\t\t\t<\/div>\n\t\t\t\t\t\t<\/div>\n\t\t\t\t\t<\/div>\n\t\t<\/div>\n\t\t\t\t\t\t\t\t<\/div>\n\t\t\t\t\t<\/div>\n\t\t<\/section>\n\t\t\t\t<section class=\"elementor-section elementor-top-section elementor-element elementor-element-3f1507e elementor-section-boxed elementor-section-height-default elementor-section-height-default\" data-id=\"3f1507e\" data-element_type=\"section\">\n\t\t\t\t\t\t<div class=\"elementor-container elementor-column-gap-default\">\n\t\t\t\t\t\t\t<div class=\"elementor-row\">\n\t\t\t\t\t<div class=\"elementor-column elementor-col-100 elementor-top-column elementor-element elementor-element-3a5e29f\" data-id=\"3a5e29f\" data-element_type=\"column\">\n\t\t\t<div class=\"elementor-column-wrap elementor-element-populated\">\n\t\t\t\t\t\t\t<div class=\"elementor-widget-wrap\">\n\t\t\t\t\t\t<section class=\"elementor-section elementor-inner-section elementor-element elementor-element-2e2d845 elementor-section-boxed elementor-section-height-default elementor-section-height-default\" data-id=\"2e2d845\" data-element_type=\"section\">\n\t\t\t\t\t\t<div class=\"elementor-container elementor-column-gap-default\">\n\t\t\t\t\t\t\t<div class=\"elementor-row\">\n\t\t\t\t\t<div class=\"elementor-column elementor-col-33 elementor-inner-column elementor-element elementor-element-8a2a293\" data-id=\"8a2a293\" data-element_type=\"column\">\n\t\t\t<div class=\"elementor-column-wrap elementor-element-populated\">\n\t\t\t\t\t\t\t<div class=\"elementor-widget-wrap\">\n\t\t\t\t\t\t<div class=\"elementor-element elementor-element-2dbacef elementor-widget elementor-widget-heading\" data-id=\"2dbacef\" data-element_type=\"widget\" data-widget_type=\"heading.default\">\n\t\t\t\t<div class=\"elementor-widget-container\">\n\t\t\t<h2 class=\"elementor-heading-title elementor-size-default\">Lomakkeet<\/h2>\t\t<\/div>\n\t\t\t\t<\/div>\n\t\t\t\t<div class=\"elementor-element elementor-element-adfb866 elementor-widget elementor-widget-image\" data-id=\"adfb866\" data-element_type=\"widget\" data-widget_type=\"image.default\">\n\t\t\t\t<div class=\"elementor-widget-container\">\n\t\t\t\t\t\t\t\t<div class=\"elementor-image\">\n\t\t\t\t\t\t\t\t\t\t\t\t<img decoding=\"async\" src=\"http:\/\/www.lito-botnia.fi\/wp-content\/uploads\/2020\/02\/150507-113548-TL-6D-8107-e1516283120386-1030x391-1.jpg\" title=\"150507-113548-TL-6D-8107-e1516283120386-1030&#215;391\" alt=\"150507-113548-TL-6D-8107-e1516283120386-1030x391\" \/>\t\t\t\t\t\t\t\t\t\t\t\t\t\t<\/div>\n\t\t\t\t\t\t<\/div>\n\t\t\t\t<\/div>\n\t\t\t\t<div class=\"elementor-element elementor-element-794bd8f elementor-widget elementor-widget-text-editor\" data-id=\"794bd8f\" data-element_type=\"widget\" data-widget_type=\"text-editor.default\">\n\t\t\t\t<div class=\"elementor-widget-container\">\n\t\t\t\t\t\t\t\t<div class=\"elementor-text-editor elementor-clearfix\">\n\t\t\t\t<ul><li>Itsej\u00e4ljent\u00e4v\u00e4t lomakkeet<\/li><li>Numeroidut sarjalomakkeet<\/li><li>Blokilehti\u00f6t<\/li><li>Asiakkaan omilla kuvilla ja teksteill\u00e4<\/li><\/ul>\t\t\t\t\t<\/div>\n\t\t\t\t\t\t<\/div>\n\t\t\t\t<\/div>\n\t\t\t\t\t\t<\/div>\n\t\t\t\t\t<\/div>\n\t\t<\/div>\n\t\t\t\t<div class=\"elementor-column elementor-col-33 elementor-inner-column elementor-element elementor-element-d1ca74f\" data-id=\"d1ca74f\" data-element_type=\"column\">\n\t\t\t<div class=\"elementor-column-wrap elementor-element-populated\">\n\t\t\t\t\t\t\t<div class=\"elementor-widget-wrap\">\n\t\t\t\t\t\t<div class=\"elementor-element elementor-element-7057bf1 elementor-widget elementor-widget-heading\" data-id=\"7057bf1\" data-element_type=\"widget\" data-widget_type=\"heading.default\">\n\t\t\t\t<div class=\"elementor-widget-container\">\n\t\t\t<h2 class=\"elementor-heading-title elementor-size-default\">Muistilehti\u00f6t<\/h2>\t\t<\/div>\n\t\t\t\t<\/div>\n\t\t\t\t<div class=\"elementor-element elementor-element-b97dfd8 elementor-widget elementor-widget-image\" data-id=\"b97dfd8\" data-element_type=\"widget\" data-widget_type=\"image.default\">\n\t\t\t\t<div class=\"elementor-widget-container\">\n\t\t\t\t\t\t\t\t<div class=\"elementor-image\">\n\t\t\t\t\t\t\t\t\t\t\t\t<img loading=\"lazy\" decoding=\"async\" width=\"1024\" height=\"389\" src=\"http:\/\/www.lito-botnia.fi\/wp-content\/uploads\/2020\/02\/150504-182328-TL-6D-7757-e1516282925320-1030x391-1-1024x389.jpg\" class=\"attachment-large size-large\" alt=\"\" srcset=\"http:\/\/www.lito-botnia.fi\/wp-content\/uploads\/2020\/02\/150504-182328-TL-6D-7757-e1516282925320-1030x391-1-1024x389.jpg 1024w, http:\/\/www.lito-botnia.fi\/wp-content\/uploads\/2020\/02\/150504-182328-TL-6D-7757-e1516282925320-1030x391-1-300x114.jpg 300w, http:\/\/www.lito-botnia.fi\/wp-content\/uploads\/2020\/02\/150504-182328-TL-6D-7757-e1516282925320-1030x391-1-768x292.jpg 768w, http:\/\/www.lito-botnia.fi\/wp-content\/uploads\/2020\/02\/150504-182328-TL-6D-7757-e1516282925320-1030x391-1.jpg 1030w\" sizes=\"auto, (max-width: 1024px) 100vw, 1024px\" \/>\t\t\t\t\t\t\t\t\t\t\t\t\t\t<\/div>\n\t\t\t\t\t\t<\/div>\n\t\t\t\t<\/div>\n\t\t\t\t<div class=\"elementor-element elementor-element-bf071bc elementor-widget elementor-widget-text-editor\" data-id=\"bf071bc\" data-element_type=\"widget\" data-widget_type=\"text-editor.default\">\n\t\t\t\t<div class=\"elementor-widget-container\">\n\t\t\t\t\t\t\t\t<div class=\"elementor-text-editor elementor-clearfix\">\n\t\t\t\t<p>Painamme muistilehti\u00f6t omalla painatuksella<\/p><ul><li>Lehti\u00f6ss\u00e4 50 sivua + pohjapahvi. (Saa enemm\u00e4n sivuja)<\/li><li>Lehdet liimasidottu reunasta.<\/li><li>Eritt\u00e4in edullinen lehti\u00f6 painettuna.<\/li><li>Painatus viivoilla-ruuduilla yms.<\/li><\/ul>\t\t\t\t\t<\/div>\n\t\t\t\t\t\t<\/div>\n\t\t\t\t<\/div>\n\t\t\t\t\t\t<\/div>\n\t\t\t\t\t<\/div>\n\t\t<\/div>\n\t\t\t\t<div class=\"elementor-column elementor-col-33 elementor-inner-column elementor-element elementor-element-d2fc4ee\" data-id=\"d2fc4ee\" data-element_type=\"column\">\n\t\t\t<div class=\"elementor-column-wrap elementor-element-populated\">\n\t\t\t\t\t\t\t<div class=\"elementor-widget-wrap\">\n\t\t\t\t\t\t<div class=\"elementor-element elementor-element-e9216f6 elementor-widget elementor-widget-heading\" data-id=\"e9216f6\" data-element_type=\"widget\" data-widget_type=\"heading.default\">\n\t\t\t\t<div class=\"elementor-widget-container\">\n\t\t\t<h2 class=\"elementor-heading-title elementor-size-default\">Kirjekuoret<\/h2>\t\t<\/div>\n\t\t\t\t<\/div>\n\t\t\t\t<div class=\"elementor-element elementor-element-9b53591 elementor-widget elementor-widget-image\" data-id=\"9b53591\" data-element_type=\"widget\" data-widget_type=\"image.default\">\n\t\t\t\t<div class=\"elementor-widget-container\">\n\t\t\t\t\t\t\t\t<div class=\"elementor-image\">\n\t\t\t\t\t\t\t\t\t\t\t\t<img loading=\"lazy\" decoding=\"async\" width=\"1024\" height=\"389\" src=\"http:\/\/www.lito-botnia.fi\/wp-content\/uploads\/2020\/02\/kirjekuori-e1516282919507-1030x391-1-1024x389.jpg\" class=\"attachment-large size-large\" alt=\"\" srcset=\"http:\/\/www.lito-botnia.fi\/wp-content\/uploads\/2020\/02\/kirjekuori-e1516282919507-1030x391-1-1024x389.jpg 1024w, http:\/\/www.lito-botnia.fi\/wp-content\/uploads\/2020\/02\/kirjekuori-e1516282919507-1030x391-1-300x114.jpg 300w, http:\/\/www.lito-botnia.fi\/wp-content\/uploads\/2020\/02\/kirjekuori-e1516282919507-1030x391-1-768x292.jpg 768w, http:\/\/www.lito-botnia.fi\/wp-content\/uploads\/2020\/02\/kirjekuori-e1516282919507-1030x391-1.jpg 1030w\" sizes=\"auto, (max-width: 1024px) 100vw, 1024px\" \/>\t\t\t\t\t\t\t\t\t\t\t\t\t\t<\/div>\n\t\t\t\t\t\t<\/div>\n\t\t\t\t<\/div>\n\t\t\t\t<div class=\"elementor-element elementor-element-ed8f7d2 elementor-widget elementor-widget-text-editor\" data-id=\"ed8f7d2\" data-element_type=\"widget\" data-widget_type=\"text-editor.default\">\n\t\t\t\t<div class=\"elementor-widget-container\">\n\t\t\t\t\t\t\t\t<div class=\"elementor-text-editor elementor-clearfix\">\n\t\t\t\t<p>Kirjekuoret painamme 1-v\u00e4risest\u00e4 4-v\u00e4riseen useilla eri kirjekuorimalleilla ja materiaaleilla<\/p>\t\t\t\t\t<\/div>\n\t\t\t\t\t\t<\/div>\n\t\t\t\t<\/div>\n\t\t\t\t\t\t<\/div>\n\t\t\t\t\t<\/div>\n\t\t<\/div>\n\t\t\t\t\t\t\t\t<\/div>\n\t\t\t\t\t<\/div>\n\t\t<\/section>\n\t\t\t\t\t\t<\/div>\n\t\t\t\t\t<\/div>\n\t\t<\/div>\n\t\t\t\t\t\t\t\t<\/div>\n\t\t\t\t\t<\/div>\n\t\t<\/section>\n\t\t\t\t\t\t\t\t\t<\/div>\n\t\t\t<\/div>\n\t\t\t\t\t<\/div>\n\t\t","protected":false},"excerpt":{"rendered":"<p>Painotuotteet Tarjoamme asiakkaille laadukkaat painotuotteet nopeasti ja vaivattomasti koko Suomeen. Ota yhteytt\u00e4, niin kerromme mielell\u00e4mme lis\u00e4\u00e4. Lomakkeet Itsej\u00e4ljent\u00e4v\u00e4t lomakkeet Numeroidut sarjalomakkeet Blokilehti\u00f6t Asiakkaan omilla kuvilla ja teksteill\u00e4 Muistilehti\u00f6t Painamme muistilehti\u00f6t omalla painatuksella Lehti\u00f6ss\u00e4 50 sivua + pohjapahvi. (Saa enemm\u00e4n sivuja) Lehdet liimasidottu reunasta. Eritt\u00e4in edullinen lehti\u00f6 painettuna. Painatus viivoilla-ruuduilla yms. Kirjekuoret Kirjekuoret painamme 1-v\u00e4risest\u00e4 4-v\u00e4riseen [&hellip;]<\/p>\n","protected":false},"author":1,"featured_media":0,"parent":0,"menu_order":0,"comment_status":"closed","ping_status":"closed","template":"elementor_header_footer","meta":{"footnotes":""},"class_list":["post-47","page","type-page","status-publish","hentry","entry"],"_links":{"self":[{"href":"http:\/\/www.lito-botnia.fi\/index.php?rest_route=\/wp\/v2\/pages\/47","targetHints":{"allow":["GET"]}}],"collection":[{"href":"http:\/\/www.lito-botnia.fi\/index.php?rest_route=\/wp\/v2\/pages"}],"about":[{"href":"http:\/\/www.lito-botnia.fi\/index.php?rest_route=\/wp\/v2\/types\/page"}],"author":[{"embeddable":true,"href":"http:\/\/www.lito-botnia.fi\/index.php?rest_route=\/wp\/v2\/users\/1"}],"replies":[{"embeddable":true,"href":"http:\/\/www.lito-botnia.fi\/index.php?rest_route=%2Fwp%2Fv2%2Fcomments&post=47"}],"version-history":[{"count":2,"href":"http:\/\/www.lito-botnia.fi\/index.php?rest_route=\/wp\/v2\/pages\/47\/revisions"}],"predecessor-version":[{"id":117,"href":"http:\/\/www.lito-botnia.fi\/index.php?rest_route=\/wp\/v2\/pages\/47\/revisions\/117"}],"wp:attachment":[{"href":"http:\/\/www.lito-botnia.fi\/index.php?rest_route=%2Fwp%2Fv2%2Fmedia&parent=47"}],"curies":[{"name":"wp","href":"https:\/\/api.w.org\/{rel}","templated":true}]}}